b(t) = -12*t**3 - t + 37*t**2 + 27*t**2 - 66*t**2. Determine b(x).
11
Let c(j) = 13*j + 15. Let d(a) = 5*a + 8. Let i(n) = -2*c(n) + 5*d(n). What is i(3)?
7
Let y be (-3 - 0) + 3 + (-6)/3. Let l(w) = -4*w + 1. What is l(y)?
9
Let g(a) be the third derivative of a**6/40 - a**5/30 + a**3/6 - 262*a**2. What is g(-1)?
-4
Suppose 4*z - m = 3*m + 48, 3*m - 20 = -4*z. Let y(u) = 3*u - 30. Let s be y(z). Let v(p) = -p**2 - 2*p - 2. Give v(s).
-26
Let q be (-6)/4 - 21/(-14). Suppose q = -2*f - 2*f. Let y be (3 + f)/(12/(-16)). Let x(o) = -2*o - 2. Give x(y).
6
Let l(j) be the first derivative of -10*j**3/3 + j - 21. What is l(2)?
-39
Let b(j) be the second derivative of -j**6/360 - j**5/15 + 13*j**4/12 - 11*j. Let r(u) be the third derivative of b(u). What is r(-7)?
6
Let u be 1 + 12 + -2*1. Let z = -129 - -129. Suppose 0 = d + 3*f - u, 3*f - 7 = -5*d - z*f. Let b(q) = -3*q**2 - 2*q - 1. Calculate b(d).
-2
Let h(a) be the third derivative of -a**6/120 - 11*a**5/60 - 3*a**4/8 + a**3/6 - 198*a**2. Give h(-10).
-9
Let c(j) = 145*j + 3 - 285*j + 128*j. Calculate c(1).
-9
Let s(a) be the second derivative of -a**4/12 + 2*a**2 + 7*a + 8. Determine s(5).
-21
Suppose -3*u + 3 = -3, -2*n + u = 6. Let a(l) be the third derivative of -1/6*l**4 + 0 + 0*l**3 + 0*l + 2*l**2. Give a(n).
8
Let k(c) = c**2 - c - 1. Suppose 4*g - 6 = -2. Let q(f) = 6*f**2 + f + 4. Let p(d) = g*q(d) - 5*k(d). Calculate p(-6).
9
Let g be ((-5)/(-3))/((-2)/6). Let s = -27 + 30. Let y(m) = -5*m**2 + 2 - 6 + 3 + 8*m**3 - 9*m**s. Give y(g).
-1
Let h(c) = -c**3 - c**2 - c + 5. Let v(g) = g + 5. Let m(w) = -9*w + 7. Let f be m(-9). Let l be (-1)/(-2) - f/16. Let u be v(l). Give h(u).
5
Let u(l) = 0 - l**3 - 2*l**2 - 4 + 11*l + 3*l**2 - 11*l**2 - 5. What is u(-11)?
-9
Let k(t) = -3*t**2 - 115 + 2*t**3 + 116 + 3*t - 2*t**2 - t**2 + 7*t**2. What is k(-2)?
-17
Let q(c) = c**2 - 7*c + 6. Let t = 6 - 3. Suppose 5*g = -4*w - 9, -w + 4*w = -3*g - t. Suppose -11 = -w*j + 13. Give q(j).
0
Let w(m) = 6*m**3 - m**2 - m. Let u be w(1). Let s(f) be the first derivative of -2*f - 76*f**2 - 2 - 3 + 75*f**2. Determine s(u).
-10
Let f(n) = -n**2 + 6*n + 1. Let s be f(6). Suppose 9 = 4*o + s. Suppose -3*p + 4*h = 20, 3*p - 4*h = -o*p - 28. Let r(w) = w - 5. What is r(p)?
-9
Let s(f) = 8*f - 27*f + 7 + 18*f. What is s(5)?
2
Let s(g) be the third derivative of g**6/120 + 2*g**5/15 + g**4/12 + g**3/6 + 9*g**2 - 13. Calculate s(-8).
-15
Let s(r) = -r + 3. Let v = 18 - 35. Let q = v - -21. Suppose -f = -c - c - 5, 2*c - 4*f - q = 0. What is s(c)?
7
Let f(k) = -k**2 + 4. Let p(x) = -x**2 - 1. Let y(w) = f(w) + 5*p(w). Let o = -14 - -12. Give y(o).
-25
Let i(f) be the first derivative of f**4/24 - f**3 - f**2/2 - 14*f - 5. Let p(d) be the second derivative of i(d). What is p(0)?
-6
Let x = 72 - 72. Let d(f) be the first derivative of f**3/3 + 2. What is d(x)?
0
Let d(m) be the first derivative of -m**3/3 + 5*m**2/2 - 6*m - 57. What is d(4)?
-2
Let c be ((-5)/2)/(1/2). Let a(h) = -h - 8. Let i(d) = -3*d - 10. Let l be i(-4). Let m(y) = 5*y + 41. Let x(s) = l*m(s) + 11*a(s). Determine x(c).
-1
Let s(k) be the first derivative of -k**4/6 + 4*k**3/3 + 29*k**2/2 + 30. Let f(l) be the second derivative of s(l). What is f(6)?
-16
Let h(t) = -t**2 - t + 38. Let v be h(-6). Suppose -2*z = -z - 3. Suppose -z*q + v = -q. Let u(s) = s**2 - 4*s - 4. Determine u(q).
-4
Let j(f) be the second derivative of -3*f + 2*f**2 + 1/12*f**4 - 11 + 1/3*f**3 - 1/20*f**5. Calculate j(3).
-8
Let o be (-6)/(25/5 + -3). Suppose -2*h - 3*s = -9, -3*s = -2*h - h + 6. Let z(b) = b**3 + 2*b + 4*b**2 + 1 - 2*b + 0*b**h. Give z(o).
10
Let s(x) = x**3 - 10*x**2 + 2*x - 14. Let q(r) = 6*r - 2. Let y be q(2). Let t be s(y). Let o(k) = k**3 - 7*k**2 + 6*k - 3. What is o(t)?
-3
Let z(n) = n**2 + 10. Let m be (36/20 - 2)*-5. Let y(f) = f + 1. Let h(d) = m*z(d) + y(d). Calculate h(0).
11
Let n(t) = t**3 - 2*t**2 + 2*t + 4. Let g = -552 - -555. What is n(g)?
19
Suppose -10*p + 6*p + 12 = 0. Suppose p*g + 5*m - 4 - 15 = 0, g + 4*m - 11 = 0. Let j(d) = 2*d**2 - 5*d + 3. Give j(g).
6
Let k(c) be the third derivative of -c**8/20160 + c**7/5040 - c**6/360 + c**5/10 - 19*c**2. Let z(a) be the third derivative of k(a). What is z(0)?
-2
Let a(y) = 2*y + 9. Let n(k) = 3*k + 13. Let p(v) = 8*a(v) - 5*n(v). What is p(-9)?
-2
Let h(p) be the third derivative of -p**5/60 + p**4/4 - p**3 + 40*p**2 - 5. Let l(a) = -a + 2. Let g be l(-3). Determine h(g).
-1
Let p(x) = x**3 + 2*x**2. Let d(b) = 3*b**3 + 19*b**2 - 2. Let v(y) = -d(y) + 6*p(y). What is v(3)?
20
Let q(l) be the second derivative of l**4/12 - l**3 + 3*l**2/2 - l. Let t(u) = u**2 + 6*u - 17. Let k be t(-8). Let b be 4/(((-4)/5)/k). Give q(b).
-2
Let l(o) = -6. Let g = 121 + -138. Let a(s) = -2*s - 17. Let c(h) = g*l(h) + 6*a(h). What is c(2)?
-24
Suppose -4*j = -w - 0*w, -j - 3*w + 13 = 0. Let m(p) = p + j + 2*p - p - p. Calculate m(-4).
-3
Let o = -52 - -52. Let r(z) = z**2 - 11. Determine r(o).
-11
Let q be 3 - -1*(-2 - -1). Let j(v) = 5*v**3 - 5*v**2 + 7*v - 4. Let b(y) = 11*y**3 - 10*y**2 + 15*y - 9. Let w(m) = -4*b(m) + 9*j(m). What is w(q)?
-6
Let y(h) = -2*h - 1 + h - 1 + 1. Suppose 0 = -4*w - 5*v - 45, w + v = -4*w - 30. What is y(w)?
4
Let g(r) = r**3 - 5*r**2 - 2*r + 6. Let w be 3*(-6)/(-72)*20. Determine g(w).
-4
Let f(y) = 5*y + 10. Suppose 8*v + 142 = 182. Determine f(v).
35
Let k(c) be the first derivative of -c**5/60 + 5*c**4/24 - c**3/3 - 2*c**2 - 11. Let w(v) be the second derivative of k(v). Give w(5).
-2
Let v = 2 + 12. Suppose -t = 3*y + 3*t + 26, -2*t = -3*y - v. Let u(i) = i - 4. Determine u(y).
-10
Let o(p) be the first derivative of p**4/4 + 2*p**3/3 + p**2 + 2*p + 8. Let a = 4 + 3. Suppose -3 = 5*n + a. Give o(n).
-2
Let f(l) be the second derivative of l**7/1260 - l**6/720 - l**5/60 - 37*l**4/12 + 15*l. Let g(n) be the third derivative of f(n). Determine g(3).
13
Suppose -3*z = 2*j - 5, 9*z - 25 = 4*z. Let v(f) = -2*f**2 - 8*f + 5. Calculate v(j).
-5
Let c(l) = -8*l**2 + l. Let d(v) = 7*v**2 + 1. Let g(a) = -6*c(a) - 7*d(a). Let s(k) = -33*k**3 + 2*k**2 + 2*k + 1. Let j be s(-1). Let b = -39 + j. Give g(b).
-2
Let o(c) = 3*c - 63 - c**2 + 9*c + 56 - c - c. Determine o(9).
2
Let i(s) be the third derivative of -1/120*s**6 + 10*s**2 + 0*s - 2/3*s**3 + 0 - 1/8*s**4 + 1/10*s**5. Calculate i(5).
6
Suppose -5*z = m - 43, 3*z = 3*m - 4*m + 27. Suppose -6*w + 10*w - z = 0. Let k(a) = -3*a + 4 + a**3 + a**w + 0*a + 3*a. Give k(0).
4
Suppose 2*u + 2*u + 2*s - 22 = 0, 0 = -4*u + 4*s + 52. Let c = u - 0. Let q(k) = -k - 4*k - k**2 - c + 2*k**2. Determine q(6).
-2
Let w(q) be the third derivative of 5*q**4/24 - 26*q**3/3 + q**2 + 151*q. Calculate w(9).
-7
Let u(s) be the first derivative of s**2/2 + 13*s + 89. What is u(0)?
13
Suppose 2*f = 4*v + 34, -2*v + 4*f = -0*f + 26. Let r(o) = o. Let b(q) = -q - 2. Let z(x) = b(x) - 3*r(x). Determine z(v).
26
Let z = -46 + 50. Let l(b) = -b**3 + 7*b**2 - 5*b + 5. Give l(z).
33
Let r(g) = 5 + 183*g + 9 - 184*g. Calculate r(10).
4
Let r(l) = 2*l**2 + 3*l + 2. Let v(j) = -j**2 + 5*j + 4. Let z be v(6). Let o be r(z). Let u(q) = q**3 - 6*q**2 + 6*q - 1. What is u(o)?
-9
Let i(r) = r**3 + r**2 - 7. Let b = 8 - 2. Let v = 15 + -12. Suppose -15 = 2*t + v*t, -3*j - 2*t = b. Determine i(j).
-7
Let a(r) = r**2 - 1. Let c(x) = x**2 - 4*x - 6. Let z(w) = 5*a(w) - c(w). Give z(-3).
25
Let n(f) = 18 - 3 - 8*f - 11 + f**2. What is n(5)?
-11
Let s(p) be the first derivative of -p**3/3 - 5*p**2/2 - 3*p - 2. Let j = -31 - -59. Suppose 7 - j = 7*i. Determine s(i).
3
Let o(w) = -3*w - 2. Let i(v) = -11 - 7*v - 6*v - v. Let q(r) = -2*i(r) + 11*o(r). Let c(j) = -j. Let s(g) = -4*c(g) + q(g). Give s(-1).
1
Let s(l) = l**3 - 2*l**2 + l + 3. Let q = 486 + -488. Calculate s(q).
-15
Let a(t) be the second derivative of 11*t**3/6 + 2*t**2 - 603*t. Give a(5).
59
Let a(c) = 2*c - 4. Suppose -4*k = 4*n - 36, 2*n - 5 = 3. Let b(y) = 87 - 2*y - 2*y**3 + k*y**2 - 90 + y**3. Let q be b(4). Determine a(q).
6
Let t(z) = z**2 - 10*z - 1. Let g = 30 + -20. Give t(g).
-1
Let t be 12/9 + (-7)/3 + 3. Let f(o) = 7 + t*o - o - 6 + 0*o. Determine f(-4).
-3
Let x(d) = -6*d**2 - d. Let j be x(1). Let g(i) be the third derivative of -i**5/60 - i**4/4 + i**3/2 + 6*i**2 - 19*i + 4. Give g(j).
-4
Let s(j) = -